{"id":1811,"date":"2021-02-11T16:21:09","date_gmt":"2021-02-11T14:21:09","guid":{"rendered":"https:\/\/www.percuforum.com\/blog\/?page_id=1811"},"modified":"2021-02-11T16:21:09","modified_gmt":"2021-02-11T14:21:09","slug":"acerca-de-percuforum","status":"publish","type":"page","link":"https:\/\/www.percuforum.com\/blog\/acerca-de-percuforum\/","title":{"rendered":"Acerca de Percuforum"},"content":{"rendered":"\n<p>Percuforum nace en 2013 a ra\u00edz de que Alfredo del R\u00edo (fundador de la web) se da cuenta de que no hay mucha informaci\u00f3n acerca de los ritmos a tocar, de como afinar ciertos instrumentos o de cu\u00e1les son los mejores instrumentos para una batucada.<\/p>\n\n\n\n<p>Con estas inquietudes por delante y tras ver en festivales de batucadas como Sambeando el buen rollo que hay entre los miembros de diferentes agrupaciones, se crea el foro de batucadas Percuforum. Un espacio en el que aficionados de toda Espa\u00f1a y latinoam\u00e9rica pod\u00edan encontrarse para solucionar sus dudas sobre la percusi\u00f3n afrobrasile\u00f1a.<\/p>\n\n\n\n<p>Tras crear el foro, comienza la creaci\u00f3n del <a href=\"https:\/\/www.percuforum.com\/blog\">blog de batucadas<\/a> para publicar noticias de actualidad sobre diferentes festivales, encuentros o talleres interesantes de percusi\u00f3n. Poco a poco comienzan a surgir m\u00e1s y m\u00e1s festivales por toda Espa\u00f1a y se crea un <a href=\"https:\/\/www.percuforum.com\/blog\/encuentros-de-batucadas\/\">listado de encuentros de batucada<\/a> para tenerlos a mano.<\/p>\n\n\n\n<figure class=\"wp-block-image size-large\"><img decoding=\"async\" width=\"1000\" height=\"593\" src=\"https:\/\/www.percuforum.com\/blog\/wp-content\/uploads\/2021\/02\/blogantiguo.jpg\" alt=\"Blog de batucadas\" class=\"wp-image-1808\" srcset=\"https:\/\/www.percuforum.com\/blog\/wp-content\/uploads\/2021\/02\/blogantiguo.jpg 1000w, https:\/\/www.percuforum.com\/blog\/wp-content\/uploads\/2021\/02\/blogantiguo-300x178.jpg 300w, https:\/\/www.percuforum.com\/blog\/wp-content\/uploads\/2021\/02\/blogantiguo-768x455.jpg 768w\" sizes=\"(max-width: 1000px) 100vw, 1000px\" \/><figcaption><em>Este mismo blog unos cuantos a\u00f1os atr\u00e1s<\/em><\/figcaption><\/figure>\n\n\n\n<p>Poco a poco Percuforum comienza a hacerse conocido en el sector de los eventos y muchas empresas contactan con el blog para preguntar por batucadas de su zona para realizar actuaciones. Por ello, se crea un <a href=\"https:\/\/www.percuforum.com\/blog\/grupos-de-batucada\/\">listado de batucadas<\/a> espa\u00f1olas divididas por comunidades para que las encuentren f\u00e1cilmente.<\/p>\n\n\n\n<p>De nuevo Percuforum evoluciona y se a\u00f1ade una <a href=\"https:\/\/www.percuforum.com\">tienda de instrumentos de percusi\u00f3n<\/a> especializada en batucadas a su comunidad. En esta \u00e9poca principalmente se comercializan instrumentos Izzo, Contempor\u00e2nea, Meinl y Luen. <\/p>\n\n\n\n<figure class=\"wp-block-image size-large\"><img decoding=\"async\" width=\"1024\" height=\"612\" src=\"https:\/\/www.percuforum.com\/blog\/wp-content\/uploads\/2021\/02\/tiendaantiguo-1024x612.jpg\" alt=\"Tienda online de batucadas\" class=\"wp-image-1807\" srcset=\"https:\/\/www.percuforum.com\/blog\/wp-content\/uploads\/2021\/02\/tiendaantiguo-1024x612.jpg 1024w, https:\/\/www.percuforum.com\/blog\/wp-content\/uploads\/2021\/02\/tiendaantiguo-300x179.jpg 300w, https:\/\/www.percuforum.com\/blog\/wp-content\/uploads\/2021\/02\/tiendaantiguo-768x459.jpg 768w, https:\/\/www.percuforum.com\/blog\/wp-content\/uploads\/2021\/02\/tiendaantiguo.jpg 1275w\" sizes=\"(max-width: 1024px) 100vw, 1024px\" \/><figcaption>Primeras versiones de la tienda online de Percuforum<\/figcaption><\/figure>\n\n\n\n<p>La tienda online de instrumentos sufre varios cambios a lo largo del tiempo. Evoluciones de logotipo, de dise\u00f1o, de usabilidad, etc.<\/p>\n\n\n\n<figure class=\"wp-block-image size-large\"><img decoding=\"async\" width=\"1024\" height=\"595\" src=\"https:\/\/www.percuforum.com\/blog\/wp-content\/uploads\/2021\/02\/tiendaantiguo2-1024x595.png\" alt=\"Tienda online de instrumentos de percusi\u00f3n\" class=\"wp-image-1806\" srcset=\"https:\/\/www.percuforum.com\/blog\/wp-content\/uploads\/2021\/02\/tiendaantiguo2-1024x595.png 1024w, https:\/\/www.percuforum.com\/blog\/wp-content\/uploads\/2021\/02\/tiendaantiguo2-300x174.png 300w, https:\/\/www.percuforum.com\/blog\/wp-content\/uploads\/2021\/02\/tiendaantiguo2-768x446.png 768w, https:\/\/www.percuforum.com\/blog\/wp-content\/uploads\/2021\/02\/tiendaantiguo2.png 1362w\" sizes=\"(max-width: 1024px) 100vw, 1024px\" \/><figcaption>Tienda online Percuforum en 2019<\/figcaption><\/figure>\n\n\n\n<p>En 2020 se produce una crisis sanitaria debido a la llegada del Covid-19.  El famoso coronavirus que pr\u00e1cticamente paraliz\u00f3 la cultura en todo el pa\u00eds. Debido a ello, se aprovecha para volver a evolucionar la p\u00e1gina a lo que es hoy en d\u00eda. Trabajo que dura hasta principios del 2021.<\/p>\n\n\n\n<p>Durante este proceso destaca lo siguiente:<\/p>\n\n\n\n<ul class=\"wp-block-list\"><li>El foro de batucadas se elimina para sustituirlo por el grupo de facebook \u00ab<a href=\"https:\/\/www.facebook.com\/groups\/percuforum\" target=\"_blank\" rel=\"noreferrer noopener\">Batucadas de Espa\u00f1a<\/a>\u00ab.<\/li><li>Se modifica por completo el dise\u00f1o y programaci\u00f3n de la tienda online para adaptarla a tecnolog\u00edas m\u00e1s modernas.<\/li><li>Comenzamos a trabajar con nuevos proveedores de instrumentos de batucada y accesorios como <a href=\"https:\/\/www.percuforum.com\/category\/brand\/tito-puig\">Tito Puig<\/a>.<\/li><li>Se crea una versi\u00f3n AMP para la carga acelerada del blog en plataformas m\u00f3viles.<\/li><\/ul>\n\n\n\n<figure class=\"wp-block-image size-large\"><img decoding=\"async\" width=\"1024\" height=\"531\" src=\"https:\/\/www.percuforum.com\/blog\/wp-content\/uploads\/2021\/02\/tiendanueva-1024x531.png\" alt=\"Tienda Percuforum 2021\" class=\"wp-image-1805\" srcset=\"https:\/\/www.percuforum.com\/blog\/wp-content\/uploads\/2021\/02\/tiendanueva-1024x531.png 1024w, https:\/\/www.percuforum.com\/blog\/wp-content\/uploads\/2021\/02\/tiendanueva-300x155.png 300w, https:\/\/www.percuforum.com\/blog\/wp-content\/uploads\/2021\/02\/tiendanueva-768x398.png 768w, https:\/\/www.percuforum.com\/blog\/wp-content\/uploads\/2021\/02\/tiendanueva-1536x796.png 1536w, https:\/\/www.percuforum.com\/blog\/wp-content\/uploads\/2021\/02\/tiendanueva.png 1542w\" sizes=\"(max-width: 1024px) 100vw, 1024px\" \/><figcaption>Tienda Percuforum 2020\/21<\/figcaption><\/figure>\n\n\n\n<figure class=\"wp-block-image size-large\"><img decoding=\"async\" width=\"1024\" height=\"685\" src=\"https:\/\/www.percuforum.com\/blog\/wp-content\/uploads\/2021\/02\/amp-1024x685.jpg\" alt=\"Blog Percuforum versi\u00f3n AMP\" class=\"wp-image-1804\" srcset=\"https:\/\/www.percuforum.com\/blog\/wp-content\/uploads\/2021\/02\/amp-1024x685.jpg 1024w, https:\/\/www.percuforum.com\/blog\/wp-content\/uploads\/2021\/02\/amp-300x201.jpg 300w, https:\/\/www.percuforum.com\/blog\/wp-content\/uploads\/2021\/02\/amp-768x514.jpg 768w, https:\/\/www.percuforum.com\/blog\/wp-content\/uploads\/2021\/02\/amp.jpg 1250w\" sizes=\"(max-width: 1024px) 100vw, 1024px\" \/><figcaption>Versi\u00f3n acelerada del blog de batucadas<\/figcaption><\/figure>\n\n\n\n<p>Estamos segur@s de que seguiremos evolucionando much\u00edsimo m\u00e1s a lo largo de los a\u00f1os. Nos encantar\u00eda que vivir esta experiencia contigo. Gracias por leer hasta aqu\u00ed y por acompa\u00f1arnos en este gran viaje.<\/p>\n","protected":false},"excerpt":{"rendered":"<p>Percuforum nace en 2013 a ra\u00edz de que Alfredo del R\u00edo (fundador de la web) se da cuenta de que no hay mucha informaci\u00f3n acerca de los ritmos a tocar,&#8230;<\/p>\n","protected":false},"author":2,"featured_media":0,"parent":0,"menu_order":0,"comment_status":"closed","ping_status":"closed","template":"","meta":{"_uag_custom_page_level_css":"","_kad_post_transparent":"","_kad_post_title":"","_kad_post_layout":"","_kad_post_sidebar_id":"","_kad_post_content_style":"","_kad_post_vertical_padding":"","_kad_post_feature":"","_kad_post_feature_position":"","_kad_post_header":false,"_kad_post_footer":false,"_kad_post_classname":"","footnotes":""},"class_list":["post-1811","page","type-page","status-publish","hentry"],"uagb_featured_image_src":{"full":false,"thumbnail":false,"medium":false,"medium_large":false,"large":false,"1536x1536":false,"2048x2048":false,"portfolio-full":false,"portfolio-one":false,"portfolio-two":false,"portfolio-three":false,"portfolio-five":false},"uagb_author_info":{"display_name":"Alfredo del R\u00edo","author_link":"https:\/\/www.percuforum.com\/blog\/author\/alfredo\/"},"uagb_comment_info":0,"uagb_excerpt":"Percuforum nace en 2013 a ra\u00edz de que Alfredo del R\u00edo (fundador de la web) se da cuenta de que no hay mucha informaci\u00f3n acerca de los ritmos a tocar,...","_links":{"self":[{"href":"https:\/\/www.percuforum.com\/blog\/wp-json\/wp\/v2\/pages\/1811","targetHints":{"allow":["GET"]}}],"collection":[{"href":"https:\/\/www.percuforum.com\/blog\/wp-json\/wp\/v2\/pages"}],"about":[{"href":"https:\/\/www.percuforum.com\/blog\/wp-json\/wp\/v2\/types\/page"}],"author":[{"embeddable":true,"href":"https:\/\/www.percuforum.com\/blog\/wp-json\/wp\/v2\/users\/2"}],"replies":[{"embeddable":true,"href":"https:\/\/www.percuforum.com\/blog\/wp-json\/wp\/v2\/comments?post=1811"}],"version-history":[{"count":0,"href":"https:\/\/www.percuforum.com\/blog\/wp-json\/wp\/v2\/pages\/1811\/revisions"}],"wp:attachment":[{"href":"https:\/\/www.percuforum.com\/blog\/wp-json\/wp\/v2\/media?parent=1811"}],"curies":[{"name":"wp","href":"https:\/\/api.w.org\/{rel}","templated":true}]}}